s**2/2 - s - 3. Let a be g(8). Let v(c) = c**2 - 9*c - 1. Calculate v(a).
-15
Let t(l) = -12*l**2 - 2*l - 7. Let r(a) = -11*a**2 - 2*a - 6. Let c(m) = 6*r(m) - 5*t(m). Suppose -6*j + 11*j = -5. Determine c(j).
-5
Let m(p) = 2*p + 10. Let l be m(0). Suppose -l*x + 16 = -2*x. Let o(y) = 74*y - x - y**3 - 74*y - y**2. Give o(-2).
2
Let v be -1 + (2 - (-12)/3). Let f be (-2 + v + -4)/(-1). Let d(p) = p**2 + p + p**2 - 4*p - 3*p**2 - f. Calculate d(-4).
-5
Let s(x) = -x**2 - 42*x - 127. Let z be s(-3). Let h(t) = t**2 + 10*t - 5. Calculate h(z).
-5
Let j(s) be the first derivative of s**4/4 - 5*s**3/3 + s - 194. Give j(5).
1
Let r(x) = -25*x**2 + x. Let f = -834 - -835. Determine r(f).
-24
Let o(u) = -42*u - 12. Let n(r) = 50*r + 13. Let z(q) = 5*n(q) + 6*o(q). Give z(-6).
5
Suppose -4 = -3*d + 14. Let c(s) = -4*s**2 + 2*s - 3. Let w(n) = -n + 1. Let y(f) = d*w(f) + c(f). Give y(2).
-21
Suppose -5*n + 21 = 2*i - 5*i, -2*n + 5*i - 3 = 0. Let j(p) = -p**2. Give j(n).
-36
Suppose 21 = -4*d - 3*d. Let u be 2/d + (-39)/9. Let f(s) = s**2 - 7*s + 4. Let o(h) = -2*h**2 + 14*h - 8. Let x(a) = u*f(a) - 2*o(a). Determine x(5).
6
Let d(f) = f**2 - 2*f - 4. Let a be d(6). Suppose 13 = -4*m - 5*o, 5*o + a + 11 = 2*m. Let x(v) = 0*v**2 - 2*v**3 - 4*v**2 + 2*v + 0*v**2 + 3*v**3. Give x(m).
-3
Let w(p) = -11*p**2 + 7*p + 7. Let m(i) = 5*i**2 - 3*i - 3. Let l(b) = -13*m(b) - 6*w(b). Let q be ((-9)/27)/((-1)/(-51) - 0). Let a = -14 - q. What is l(a)?
-3
Suppose 5*l = 20, 5*i - 4*l + 51 = -0*i. Let b(u) = 4*u + 6. What is b(i)?
-22
Let y(n) = -n**2 + 2*n + 1. Let b(t) be the second derivative of -t**4/12 + t**3 + 6*t**2 - 7*t. Let x be b(6). Let f be (-2 - 2) + x - 4. Determine y(f).
-7
Let p(s) = -2*s + 5. Let l be (-29 + -4)*(-4)/(-6). Let z = l - -27. Determine p(z).
-5
Suppose 0 = 3*x - 7*x + 24. Let u(a) be the third derivative of a**4/12 - 4*a**3/3 + 4*a**2 - 92. What is u(x)?
4
Let d(w) = 3*w**3 + 99 + 4*w - w - 151 - 2*w**3 - 2*w. What is d(0)?
-52
Let o(i) be the second derivative of i**4/6 - i**3/2 - 3*i**2/2 + 105*i. Calculate o(4).
17
Let r = -31 - -1. Let q = r + 27. Let l(m) = m + 1. Calculate l(q).
-2
Suppose 5*j = s - 32 + 7, s = -4*j - 11. Let m(f) = -5*f - 12. Calculate m(j).
8
Let f(m) = m**3 + 4*m**2 - m + 7. Let r(q) = -q**2 - q - 1. Let d(g) = 3*g**2 + 3*g + 4. Let u(h) = -2*d(h) - 7*r(h). Let c(n) = f(n) + 2*u(n). What is c(-6)?
-1
Let p(z) = 4 - 5*z**2 - z**3 + 2*z**3 + z**2 - 7*z. Let y be 11 + -8 - (-2 - 0 - -48). Let t = -38 - y. Calculate p(t).
-6
Let v(q) = 2*q + 2. Let d = -120 + 120. Suppose d = r - 10 + 16. Give v(r).
-10
Let b(o) = -o - 17. Suppose 0 = 32*x - 36*x + 276. Let m = x + -76. Calculate b(m).
-10
Let u(v) = 0*v**2 + 3*v**2 - 12 - v - v - v**2 + 9. Let p = 1 + -3. Give u(p).
9
Let c(t) be the third derivative of 1/60*t**6 + 1/6*t**3 + 0*t + 9*t**2 + 0 + 0*t**4 + 0*t**5. Determine c(-1).
-1
Let v(d) = -d**3 + 2*d**2 - 3. Let j(u) = 2*u**2 - 10*u + 5. Let t be j(8). Let n = t + -35. Let m be ((-4)/(-12))/(2/n). What is v(m)?
-12
Let j(d) = 16*d**2 - 2*d - 1. Let u(p) = -15*p**2 + 2*p + 1. Let h(k) = 4*j(k) + 5*u(k). Suppose 0 = -7*r + 32 + 10. Suppose -v = -5 + r. Give h(v).
-12
Suppose 3*l + 4*i + 9 = 0, -i - 3 = -2*l + 2. Let q(k) = 4*k + 1. Let r(d) = -12*d - 2. Let z(p) = -4*q(p) - 2*r(p). Calculate z(l).
8
Suppose -2*c - 2*c = -12. Let r be (2/c)/(4/6). Let o(p) = -3 + 0*p**2 - 14 + 2*p + 6*p**2 + 16. Determine o(r).
7
Let m(h) = -8 - h**2 - 9 + 6*h + 0 + 12 - 2*h. Let w = 15 + -10. Calculate m(w).
-10
Suppose -2*b = -2*v - 18, -2*v - 10 - 18 = 3*b. Let a(s) = s + 6. Give a(v).
-5
Let m(v) = v + 8. Suppose -2*f + 4*h = -172, 3*f - 2*h - 255 = 3*h. Suppose 0 = -2*b - 5*o + 32, -3*o + f = 5*b - 4*o. Suppose -b = 4*k + 4. Give m(k).
3
Suppose 0 = -2*u + 2*i - 2, 2*u + 2*i - 5*i + 5 = 0. Let d(t) = t**2 - u - 6*t + 1 + 2 + 4. Suppose -5*b - 30 = -5*l - 0*l, -2 = 2*b. Determine d(l).
0
Suppose 14*r - 27*r = 0. Let u(v) = -v - 1. Determine u(r).
-1
Let u(n) = -48*n - 40*n - 35*n + 4 + 115*n - 8*n**2 + 2*n**3 - 3*n**3. Calculate u(-7).
11
Let x(c) be the third derivative of -c**8/20160 + c**7/840 + 2*c**5/15 + 5*c**2. Let f(h) be the third derivative of x(h). Calculate f(6).
0
Let q be (-11 - 3)/(-1) + -2. Suppose 4*p + 4 = -q, -5*p - 24 = 4*j. Let b(z) = 16*z**3 + z**2 + z + 1. Calculate b(j).
-15
Let r be -16*(3 - (-49)/(-14)). Let b(j) = -j + 15. Calculate b(r).
7
Let x(t) be the first derivative of -t**3/3 + 7*t**2/2 + t + 1608. Suppose -b = -i + 4, -2*b + 7*i - 3*i - 10 = 0. Let n = 4 - b. Give x(n).
1
Let s(u) = -u - 9. Let w(h) = -2*h - 10. Let c(k) = -3*s(k) + 2*w(k). Let i(a) = -a - 8. Let b be i(-9). Let z be b + 6 + -2 + -2. Calculate c(z).
4
Let j(u) = -u - 1. Suppose 0 = 3*z + 3, 2*x - 5*z - 13 = x. Let o = -6 + x. Suppose 0 = 2*w - 5*i - 10, 0 = -w - 0*w - i - o. Calculate j(w).
-1
Let v(w) = -3*w. Let p(o) = o**3 - 2*o**2 - 3*o + 4. Let s be p(3). Let f(l) = -l + s*l - l - 1. Let g(c) = -4*f(c) - 3*v(c). Determine g(-3).
1
Let w(p) = -p**2 + 2*p + 1. Suppose 7*d - 2*d + 5 = -4*c, -3*d = 2*c + 3. Let j be (-4 - (-65)/15)/(d/3). Give w(j).
-2
Let p(z) = -61 + 8 + 10 + 15 + 18 + z. Let y = 21 - 16. Give p(y).
-5
Suppose 0 = -3*g + r + 7, 3*g = -g - r + 7. Let z(c) = c + 5. Calculate z(g).
7
Let x(d) = -d**3 + 4*d**2 + 4*d + 6. Let r be x(5). Let k(g) = 3*g - 1. Let j be k(r). Let c(u) = -u - j + 6 + 2 - u**2 - 2. Calculate c(3).
-8
Let t(v) = 84*v**3 + 2*v**2 - 2*v + 1 - 86*v**3 + 2*v**2 - 8*v**2. Give t(-2).
5
Let a = -8 - -3. Let z be 0/(-1) + 3 + a. Let j(t) = -t - 2. Determine j(z).
0
Let b(z) = -z**3 - 5*z**2 - 4*z - 1. Let o be b(-4). Let i(f) = 2*f + 18. Let t(j) be the first derivative of j - 15. Let d(n) = -2*i(n) + 36*t(n). Give d(o).
4
Let o(i) = -i**2 + 3*i + 2. Suppose 0 = 4*v - 3*p + 7*p - 8, -v + p + 8 = 0. Calculate o(v).
-8
Let m(i) be the first derivative of -23*i**2 - 8 - 18*i + 20*i**2 + 22*i. Calculate m(3).
-14
Let r = -1055 + 1053. Let n(i) = i**2 - i. Give n(r).
6
Let i(t) = -21*t + 1. Let o(w) = -63*w + 3. Suppose 25 = -5*y + 5. Let p(h) = y*o(h) + 11*i(h). Calculate p(1).
20
Let i(v) be the first derivative of v**6/120 - v**5/10 - 3*v**4/8 + 5*v**3/3 - 11*v**2/2 - 15. Let h(b) be the second derivative of i(b). Calculate h(7).
-4
Let d(i) be the third derivative of i**6/120 - i**5/15 - 5*i**4/24 + i**3/6 - 5*i**2. Suppose -5*f - 2*q = -15, 37 + 8 = 4*f - 5*q. Give d(f).
1
Let y = 0 + 0. Suppose -t - 4*t + 15 = y. Let a(k) = -k + 2 + 770948*k**2 - 770947*k**2 - 3*k. What is a(t)?
-1
Let a(u) = -6*u - 19. Let m be a(-4). Suppose 3*n + 9 = -2*d, 0*n + 1 = m*n - 2*d. Let j(t) = 11*t**3 + 2*t**2 + t. What is j(n)?
-10
Let d(q) = -42*q + 45*q**2 - 35*q + 78*q + 6 - 1 - 6. Give d(1).
45
Let i(l) = l**3 + 11*l**2 + 11*l + 9. Suppose -2*k - 2*p = 28, -2*p + 4 = -5*k - 31. Determine i(k).
72
Suppose d - y = 3*y + 2, -y - 4 = -2*d. Let b(j) = j**d + 6*j - 8 + 14*j - 30*j. What is b(11)?
3
Let m(k) = -11*k + 6. Let o = -52 - -20. Let l = -24 - o. Let t(u) = 4*u - 2. Let d(q) = l*t(q) + 3*m(q). What is d(7)?
-5
Let a(o) = 2*o**2 + o - 2. Let h be a(-5). Let g(i) = -42*i**2 + 6*i + 3 - 8 + h*i**2. Calculate g(-6).
-5
Let c = 75 - 73. Let t(d) = 0*d**c - 13 - 9*d**2 + 2 - 37*d + 39*d + d**3. Determine t(9).
7
Let n(d) = 161 - 285 + 116 + 5*d. Determine n(4).
12
Let q(n) be the first derivative of 1/2*n**2 - 7 + 3*n. Let x be 28/84*((12 - 1) + -2). Determine q(x).
6
Let u(r) = -4*r**3 + 7*r**2 - 4*r - 2. Let v(c) = -9*c**3 + 15*c**2 - 9*c - 3. Let a(p) = 5*u(p) - 2*v(p). Calculate a(3).
-19
Let o(l) be the second derivative of l**7/2520 - l**6/144 - 7*l**5/120 - l**4/3 - 8*l. Let g(m) be the third derivative of o(m). Give g(5).
-7
Let h(q) = -5*q**2 - 7*q + 27. Let r(x) = 11*x**2 + 17*x - 55. Let g(v) = 13*h(v) + 6*r(v). Determine g(-9).
3
Let t(l) = -5*l**2 + 2*l - 2. Let x be ((-8)/16)/(2/(-40)). Let r be (-16)/(-12)*15/x. Calculate t(r).
-18
Let w(q) = -q - 2 + 0*q**2 + 5*q - 5*q**2 - 5*q**2 + 8*q**2. What is w(-4)?
-50
Let k(r) = -24 - 11*r + 14 + 11 + 25*r - 12*r. Suppose 14 = -4*o + q, 3*o - 5*o + 4 = 5*q. What is k(o)?
-5
Let t(a) be the first derivative of a**4/4 + 5*a**3/3 - 7*a**2/2 + 2*a + 24. What is t(-6)?
8
Let p(o) = -o**2 - 4*o + 5. Suppose 0 = 2*w - 4*h - 76, -2*w = w - 3*h - 99. Let g(